- 15 = -2*k. Suppose k = -4*g + 14 + 6. What is the units digit of g?
5
Let t(u) = -u**2 + 3*u. Let k be t(2). Let b be k/11 - (-160)/88. Suppose 0*r - r = -2*o + 133, -5*o = b*r - 310. What is the tens digit of o?
6
Let j = 7 + 15. What is the units digit of (-4)/j + (-72)/(-33)?
2
Let d = -2 - -2. Suppose l + 3 + d = 0. What is the units digit of (2/l)/(4/(-6))?
1
Let v(u) = u - 94. Let r be v(0). Let h = -53 - r. What is the units digit of h?
1
What is the tens digit of (666/(-30))/(-3)*5?
3
What is the hundreds digit of (235/(-15))/(17/(-3315))?
0
Suppose -b + 7*l + 245 = 6*l, 2*b - 3*l = 491. Suppose 3*m - b = -m. What is the units digit of m?
1
Let f(y) = -y**3 + 7*y**2 - 5*y + 14. Let h be f(6). Let k be (h/(0 - -2))/2. Suppose 0 = k*b - b - 164. What is the tens digit of b?
4
Suppose -2*p + 384 = 2*p. Suppose -d - 90 = -2*b + 2, 2*d + p = 2*b. What is the tens digit of b?
4
Suppose -6*g + 4*g - 5*v = -92, 4*v + 164 = 5*g. Suppose y - 125 - g = 0. What is the tens digit of y?
6
Suppose -2*x - 5*u - 20 = 0, 0 = x - 2*x - 3*u - 12. Suppose x = -y + 61 + 48. What is the tens digit of y?
0
Let f(t) = 2*t**3 - t**2 - 2*t - 3. Let r be f(-3). Let l = 289 + r. What is the tens digit of l?
2
Let k(j) be the first derivative of 2*j + 2*j**3 - 4*j**3 - 2*j**2 + 5*j**3 - 3 + j. What is the tens digit of k(2)?
3
Let b(s) = -s**2 - 7*s - 7. Let z be b(-6). Let u(v) = -v + 1. Let g be u(z). Suppose g*c + 17 = 3*c. What is the tens digit of c?
1
Let q = -4 - -6. Suppose q*l + 6 = -0. Let r = 15 - l. What is the units digit of r?
8
Suppose -5*z + 15 = 0, -1225 - 872 = -2*t + 5*z. What is the thousands digit of t?
1
Let o = -8739 + 12263. What is the thousands digit of o?
3
Let p = 23 + -20. Suppose -u = -0*m + 3*m - 2, -m = 4*u - 8. Let b = u + p. What is the units digit of b?
5
Suppose 5 = 4*y - 3*y. Suppose -223 + 698 = y*z. What is the tens digit of z?
9
Suppose -3*b + 4*b + 9 = 3*x, -2*b = 0. What is the tens digit of (-3 + x - -3) + 263?
6
Let v be -10*(-3 - (-129)/(-15)). Let l = v + -64. What is the tens digit of l?
5
Let y = -4546 + 7466. What is the hundreds digit of y?
9
Let k = 74 - -349. What is the units digit of k?
3
Let s(t) = 7*t**2 + 3. Let f(k) = 8*k**2 - k + 3. Let q(n) = -6*f(n) + 7*s(n). Let i be q(-7). Let l = i + 9. What is the units digit of l?
9
Suppose -2 = -2*s - 14. Let f(r) = -2*r**3 - 7*r**2 + 5*r - 4. Let w be f(s). What is the units digit of w/6 + (-4)/(-6)?
5
Let b = 259 + -103. Let j = 265 - b. What is the units digit of j?
9
Let s = -1 - -6. Suppose -2*q + 36 = 2*q + 3*c, 5*c - 45 = -s*q. What is the units digit of q?
9
Suppose 56*t - 43*t = 50856. What is the thousands digit of t?
3
Let v(w) = 10*w**2 - 22*w + 356. What is the thousands digit of v(20)?
3
Suppose 2*d + 0*d + 32 = 0. Let h = 74 + d. Let c = -4 + h. What is the units digit of c?
4
Let f(l) = l**2 - 3*l. Let u be f(8). Suppose -b = -0*b - u. Let r = -19 + b. What is the tens digit of r?
2
Suppose -w + 17 = 5*j - 51, -j = -2*w + 136. What is the units digit of w?
8
Suppose 44*i - 49*i + 1775 = 0. What is the tens digit of i?
5
Let f(z) = -7*z - 2. Let g be f(6). Let s = g - -13. Let y = -23 - s. What is the units digit of y?
8
Let l(g) be the third derivative of g**6/120 + g**5/10 + g**4/12 + 5*g**3/6 - 5*g**2. Let k be l(-4). Let t = k + -21. What is the units digit of t?
8
Let z = 733 - -317. What is the thousands digit of z?
1
Let a = 3874 + -1352. What is the units digit of a?
2
Suppose 1 = -3*o + 4*h - 9, o - 10 = -2*h. Suppose -4*w - o*r + 8 = 0, -5*r + 12 = -5*w - 2*r. Suppose -5*m + w*m + 60 = 0. What is the tens digit of m?
1
Let o = -151 + 830. What is the hundreds digit of o?
6
Let q = 2130 - -1106. What is the units digit of q?
6
Let m(c) = -c**2 - 6*c + 12. Let u be m(-7). Suppose u*k = 4*h - 256 - 162, 2*h - 2*k = 210. What is the tens digit of h?
0
Suppose -o - o = 6. Let m be 57*o*(-1)/3. What is the units digit of 10/35 + m/21?
3
Let j be (-51*6/8)/((-12)/32). Let u = 209 - j. What is the tens digit of u?
0
Let i = 2842 - -217. What is the thousands digit of i?
3
Let p = -14 + 22. Suppose -s - p + 28 = z, 5*z = -3*s + 60. What is the units digit of ((-176)/s)/((-4)/20)?
4
Let d(b) = 2*b - 9. Let a(l) = 3*l - 8. Let v(i) = 3*a(i) - 4*d(i). Let w be v(10). Suppose 0 = -h + w + 8. What is the units digit of h?
0
Suppose -2*i - 7*a = -3*a - 760, a = -3*i + 1155. What is the units digit of i?
6
Let z be (4/(-8)*4)/1. What is the hundreds digit of ((-351)/12 - z)/((-9)/72)?
2
Suppose -2753 = -5*m - 5*j - 503, 4*j = -m + 435. Let s = m + -244. What is the hundreds digit of s?
2
What is the hundreds digit of 9*4*(-393)/(-54)?
2
Let h(z) = 4 - 5 + 5*z + 0*z + 19. What is the tens digit of h(6)?
4
Let x = 52 + -50. Suppose -n = 3*v - 367, -v = -x*v + n + 129. What is the hundreds digit of v?
1
Suppose 0 = -14*l + 11*l + 1512. Let x = l - 354. What is the hundreds digit of x?
1
Let n(y) = -y + 23. Let u be n(5). Suppose 23*o - 65 = u*o. What is the tens digit of o?
1
Let h be ((-30)/8)/((-4)/(-16)). Let v(k) = -17*k - 50. What is the hundreds digit of v(h)?
2
Let k(v) = 10*v - 36. Let g be k(-8). Let r = g + 216. What is the hundreds digit of r?
1
Suppose -j + 3 = -4*j. Let q be ((-30)/18)/(j/3). Let h = 11 - q. What is the units digit of h?
6
What is the hundreds digit of (1 - -93)*(10 + -6)?
3
Let m(b) = -b**2 + 40*b - 43. What is the hundreds digit of m(16)?
3
Let h(v) = -v**2 + 4*v + 5. Let k be h(8). Let x = k + 77. What is the tens digit of x?
5
Suppose 24 = 3*v - 4*v. What is the units digit of 20 - ((-32)/v)/((-2)/3)?
2
Suppose -3*o - 67 = -2*o. What is the units digit of (o/(-4))/((-5)/(-20))?
7
Suppose 28 = -3*g - 2*n, -2*g + 5*n - 4*n - 28 = 0. Let o be 3 - (g/(-3))/4. Suppose -o*j + 39 = 5*y - 0*j, 0 = 4*j - 8. What is the units digit of y?
7
Let w be (6/(-4))/((-4)/((-16)/(-3))). Suppose -5*n - w*i + 992 = 0, -2*n + i + 3*i = -392. What is the units digit of n?
8
Let s = 2450 - 359. What is the tens digit of s?
9
Let r(c) = 2*c**3 - 8*c**2 + 2. Let a be r(4). Suppose a*s = s + 52. What is the units digit of s?
2
What is the hundreds digit of (4 - (2 + -121))*1?
1
Suppose -2846 = -25*g + 3254. What is the tens digit of g?
4
Suppose 4*r - h + 12 = 0, 2 - 34 = 4*r + 4*h. Let a be 635/3 + (-1)/(-3). What is the tens digit of 1/r - a/(-16)?
1
Let d(j) be the first derivative of j**4/4 - 11*j**3/3 + j**2/2 + 7*j + 12. What is the units digit of d(12)?
3
What is the thousands digit of (2/5)/(169/1324115)?
3
What is the tens digit of -6 + (-2)/(4/(-2078))?
3
What is the units digit of (3 - (-15849)/(-15))/(156/(-520))?
2
Let o(v) = -99*v**3 - 3*v**2 + 4*v + 16. What is the hundreds digit of o(-2)?
7
Suppose 7*u + 21 = -35. What is the tens digit of 30/u*192/(-18)?
4
Suppose 5*m + 15 = 0, 2*n - 2*m = n + 11. Suppose -341 = n*v - 11. What is the units digit of (v/5)/((-21)/70)?
4
Let a = 64 - -11. What is the tens digit of a?
7
Let o(v) = -3*v**2 - 9*v + 9. Let a(n) = -8*n**2 - 27*n + 26. Let h(r) = -4*a(r) + 11*o(r). Let c be h(8). What is the tens digit of (-2)/c - (-452)/12?
3
Let g(o) = 3*o - 38. Let i be g(12). What is the tens digit of i*4/20 - (-1464)/10?
4
Let c = 2 - 20. What is the units digit of (-676)/(-12) - (-3)/(c/(-4))?
7
What is the hundreds digit of 442/4 + 9/18?
1
Suppose 0 = -4*r + 5*r - 5. Suppose -89 = -r*j - 14. What is the units digit of j?
5
Let w = 18 - 20. What is the units digit of 60/18*(-33)/w?
5
Suppose 9*o - 1053 = -18*o. What is the tens digit of o?
3
Let p(i) = 13*i**2 - 14*i + 20. What is the hundreds digit of p(8)?
7
Let b = -91 - -93. Suppose 4*s + 130 + 252 = 2*z, b*z - 380 = 3*s. What is the hundreds digit of z?
1
Suppose -5207 = -33*v + 8554. What is the units digit of v?
7
Let g(y) = -36*y**3 - 12*y - 7. What is the units digit of g(-3)?
1
Let w(a) = -4*a**3 - 3*a**2 + a - 6. Let c(t) = 3*t - 24. Let s be c(7). What is the units digit of w(s)?
2
Suppose 3*w - 4*g = 6712, -4*w = -5*g + g - 8952. What is the tens digit of w?
4
Let f be (-1106)/(-6) + 4/(-3). Suppose v = -o - v + f, -4*v - 334 = -2*o. What is the units digit of o?
5
Suppose 0 = 2*z - 5 - 3. Let v be (-8 - -13)*108/10. Suppose 14 = -z*s + v. What is the units digit of s?
0
Suppose -11*s = -8*s - 1158. Let w = s + -147. What is the units d